hat is the greatest common factor of y and 264?
33
Suppose -87*z = -42*z - 47*z + 30. What is the highest common divisor of z and 645?
15
Let q = -2983 - -1288. Let g = -1117 - q. What is the greatest common factor of g and 34?
34
Suppose p + 4*u - 106 = 0, -5*p - 4*u = -u - 462. Let v be -3 + -3 + 9 + 17. Let l = -10 + v. What is the highest common divisor of p and l?
10
Let f = -134 - -141. Suppose 5*a - 12 = -f, 0 = -3*q + 4*a + 68. Let o be 256/40 - (-4)/(-10). What is the highest common divisor of o and q?
6
Suppose u = 5*p - 10, 4*u - 6 = 4*p + 2. Suppose k + 37 = p*s, -s - 5*k = s - 36. Calculate the highest common divisor of 91 and s.
13
Let y be (13/52)/(1/(96/20))*20. Calculate the greatest common divisor of 106 and y.
2
Suppose -x + 15*x - 16*x + 418 = 0. Calculate the highest common divisor of x and 121.
11
Let m = 49 - 53. Let f be (m + 4)/(1 + 0). Suppose f = 6*o - 9*o + 420. Calculate the greatest common factor of 56 and o.
28
Let k(j) = -j**2 + 4*j + 86. Let m be k(-4). Suppose 2*l - 39 = -3*h, 2*l = -0*l + 4*h + 4. What is the highest common factor of m and l?
6
Let q = 196 - 190. Let m(c) = -4*c + 33. Let d be m(q). Calculate the highest common factor of 33 and d.
3
Suppose -27*w + 718 = -70*w + 2954. Calculate the greatest common factor of 32 and w.
4
Let l be (8/(-6))/(8/(-228)). Suppose 0 = -41*k + l*k + 4*c + 776, 3*k - c = 779. Calculate the highest common factor of k and 100.
20
Suppose -p = p - w + 7840, 2*p = -w - 7848. Let x be (p/(-10) - (-25)/(-125)) + 4. What is the greatest common factor of 12 and x?
12
Let u be 0 - ((-6)/9 + (-115)/3). Let y = -123 - -227. What is the greatest common factor of u and y?
13
Let h(g) = 107*g**3 + 3*g**2 - 3*g + 3. Let v be h(1). Calculate the highest common factor of 3388 and v.
22
Suppose 28*j = 118*j - 8190. What is the greatest common divisor of 63 and j?
7
Let s(d) = -2*d - 2. Let q be s(-2). Suppose 4*y + 4*x = 184, 0 = 3*y - x - 90 - 48. Suppose -42*z - 32 = -y*z. Calculate the highest common factor of q and z.
2
Let m(v) = 21 + 26*v - 29*v - 14 - 21*v**2. Let k be m(2). Let p = -69 - k. What is the highest common divisor of 28 and p?
14
Let c(v) = 32*v - 54. Let r be c(2). Let d(g) = 2*g - 12. Let w be d(r). Calculate the greatest common factor of 88 and w.
8
Suppose -4*s - 4*o = -644, 0*o - 2*o - 478 = -3*s. Let b = 325 - 231. Suppose -b = -10*p + 106. Calculate the greatest common divisor of s and p.
20
Let z be ((-368)/345*6)/((-2)/60). What is the highest common divisor of z and 160?
32
Let u be 0 + 0 + (-24)/4. Let c be (45/u)/(2/(-8)). Suppose 4*v + 117*y - 120*y - 123 = 0, -92 = -3*v + 2*y. Calculate the highest common divisor of v and c.
30
Suppose -3*x + u = -356, -11*x - 372 = -14*x - 3*u. Calculate the greatest common divisor of x and 3780.
60
Let c(d) = -3*d - 37. Let o(f) = 14*f + 111. Let s(r) = 7*c(r) + 2*o(r). Let b be s(19). What is the highest common factor of 48 and b?
48
Suppose 4*u - 4 = 3*u, 3*u = -2*j - 642. Let g = j + 372. What is the highest common divisor of g and 405?
45
Suppose 4*y + 3728 = 4*x, 0 = -61*x + 56*x + 4*y + 4663. Calculate the highest common factor of 1105 and x.
85
Suppose 0 = -5*a + 3*l + 1718, -2*a - 3*l + 2*l + 696 = 0. Suppose a*q = 352*q - 54. Calculate the greatest common divisor of 369 and q.
9
Suppose 0 = -5*t - 5*r + 300, -t + 0*r = -2*r - 75. Let m = -83 + 76. Let v = 6 - m. What is the highest common factor of t and v?
13
Let i(s) = -5*s**2 - 19*s - 98. Let c be i(-5). Let k be (-2066)/(-16) + 16/c. Calculate the greatest common divisor of 172 and k.
43
Let o be (-2478)/(-4) - -4*6/48. Suppose -4*x = 6*x - o. Let z = x + -48. What is the highest common divisor of z and 42?
14
Suppose 653 = -36*o + 47*o - 4902. Calculate the highest common factor of 10 and o.
5
Suppose 5*q - 36 = q. Let d = 271 + -271. Suppose 4*l = o + 33, -3*l - 2*o + 34 - 1 = d. What is the highest common factor of l and q?
9
Suppose -2*y - 4*k - 54 + 78 = 0, -3*y = 5*k - 38. What is the greatest common divisor of y and 7904?
16
Let a(n) = 2*n**2 - 39*n + 281. Let w be a(29). What is the greatest common factor of 39 and w?
13
Let a = -44 - -44. Let j(q) = 9 + q**3 - 6 + q + 8*q**2 + 2 + a*q**3. Let x be j(-4). What is the highest common factor of 26 and x?
13
Let y = 1670 + -1600. What is the highest common divisor of 1785 and y?
35
Let h(y) = -4*y**3 + 19*y**2 + 118*y - 47. Let t be h(-7). What is the highest common factor of 52 and t?
26
Let y(v) = -142*v - 3833. Let g be y(-27). What is the greatest common factor of g and 1217?
1
Let t(o) = -91*o - 183. Let b(x) = 91*x + 184. Let n(i) = 2*b(i) + 3*t(i). Let z be n(-4). What is the greatest common factor of 305 and z?
61
Let q be (87/9 - 10) + 17752/12. Calculate the greatest common divisor of q and 696.
87
Suppose 66*v - 452 = 63*v + p, 4*p - 16 = 0. What is the greatest common factor of v and 352?
8
Let r be 68 + 1 - (2 + 3). Let k = 48 + -21. Let i = r - k. What is the highest common divisor of 259 and i?
37
Suppose 10*d - 930 = -5*b + 5*d, -5*d = b - 174. Suppose u - v - 4 = 37, 0 = 5*u - v - b. Calculate the greatest common divisor of 148 and u.
37
Let x(q) = 28*q**2 - q - 58. Let c be x(-10). Calculate the highest common divisor of c and 64.
64
Let g = -26150 - -26303. Calculate the greatest common factor of 1156 and g.
17
Suppose -5*b - u + 987 = 0, -5*b - 30*u = -31*u - 973. Calculate the greatest common divisor of b and 8134.
98
Let o be (360/(-14))/(1/(-28)). Suppose -25*i + 67*i = -26*i + 340. Suppose -9*d + o = -i*d. Calculate the greatest common factor of 12 and d.
12
Let y = 2698 - -1817. What is the highest common factor of 430 and y?
215
Suppose -3*k = -6*k + q + 13214, -5*k = 3*q - 22000. Calculate the highest common factor of 7 and k.
7
Let c(k) = 19*k**2 - 2*k - 2. Let y be c(-2). Let m = 66 - y. Let u be (-3)/(-12) + (-309)/m. What is the highest common factor of 26 and u?
26
Let s(n) = 27*n**2 + 2*n - 1. Let k be s(1). Let r = -6354 - -6375. Calculate the greatest common divisor of r and k.
7
Let k = -3224 - -3449. What is the greatest common divisor of k and 180?
45
Suppose -1420 = 12*u - 16*u. Suppose 3*f = 2*k - u, -2*f - f + 349 = 2*k. Let g(x) = -3*x - 2. Let l be g(-6). What is the greatest common divisor of l and k?
16
Suppose 1 + 159 = 4*n. Calculate the highest common divisor of 9460 and n.
20
Let v = -4476 + 8651. What is the greatest common divisor of v and 50?
25
Let g be 3/10 - (17549/(-70) + -8). Calculate the greatest common divisor of 7 and g.
7
Let w(o) = -4*o - 35. Let q be (-136)/20 + (6/(-5) - -1). Let n be w(q). Let z(h) = -h + 53. Let f be z(n). What is the greatest common factor of 180 and f?
60
Suppose 6*y + 8*y + 195 = 27*y. What is the highest common divisor of 3 and y?
3
Suppose -20*o + 306383 = -o + 303647. Let p = -85 - -175. Calculate the greatest common factor of o and p.
18
Suppose 179 + 293 = -2*c. Let x = c - -327. Calculate the greatest common divisor of x and 104.
13
Let p be (-2 + (-202)/(-3))/((3619/77)/282). Let m be 2/(1 + 1) - -48. Let j be m + 1*(1 + -1). Calculate the greatest common factor of j and p.
49
Let m be (6 - -2) + (-164 + 6)*(-30)/4. What is the highest common factor of m and 3?
1
Let m be 1/(-11) - 2385/(-99). Let g be (6/(-2))/(((-9)/(-2))/(-9)). Calculate the highest common factor of g and m.
6
Let f = -5667 + 5695. What is the greatest common factor of 707 and f?
7
Suppose -79*r + 3030 = 21*r + 102*r. Let k(v) = 239*v**2 - v. Let w be k(-1). What is the greatest common divisor of w and r?
15
Suppose 84 = -11*r + 49 + 420. What is the highest common factor of r and 1330?
35
Let x(o) = 36*o**2 - 23*o - 12. Let c be x(4). Calculate the highest common divisor of 2006 and c.
118
Suppose 223*m - 226*m + 69 = 0. Let h = m + -14. Calculate the greatest common divisor of h and 6.
3
Let a = 7156 - 7100. What is the greatest common factor of 301 and a?
7
Suppose 102 = -5*m + 112. Suppose 3*s - 3*w - 13 = 2*w, -m*s = 4*w - 16. Suppose -3*g + 9 = -s. What is the greatest common divisor of g and 5?
5
Let v(k) = k**2 + 7*k + 14. Let b = 257 + -264. Let t be v(b). What is the highest common divisor of t and 98?
14
Let y(u) be the second derivative of u**4/12 + 3*u**3/2 + 33*u**2/2 - 68*u. Let h be y(-12). Calculate the highest common 